{"version":"1.0","provider_name":"Anteprima24.it","provider_url":"https:\/\/www.anteprima24.it\/archivio","author_name":"Redazione","author_url":"https:\/\/www.anteprima24.it\/archivio\/author\/redazione\/","title":"Paralimpiadi, allenamenti serrati per la sannita Pasquino","type":"rich","width":600,"height":338,"html":"<blockquote class=\"wp-embedded-content\" data-secret=\"oMLPI5pMYT\"><a href=\"https:\/\/www.anteprima24.it\/archivio\/benevento\/paralimpiadi-allenamenti-pasquino\/\">Paralimpiadi, allenamenti serrati per la sannita Pasquino<\/a><\/blockquote><iframe sandbox=\"allow-scripts\" security=\"restricted\" src=\"https:\/\/www.anteprima24.it\/archivio\/benevento\/paralimpiadi-allenamenti-pasquino\/embed\/#?secret=oMLPI5pMYT\" width=\"600\" height=\"338\" title=\"&#8220;Paralimpiadi, allenamenti serrati per la sannita Pasquino&#8221; &#8212; Anteprima24.it\" data-secret=\"oMLPI5pMYT\" frameborder=\"0\" marginwidth=\"0\" marginheight=\"0\" scrolling=\"no\" class=\"wp-embedded-content\"><\/iframe><script type=\"text\/javascript\">\n\/* <![CDATA[ *\/\n\/*! This file is auto-generated *\/\n!function(d,l){\"use strict\";l.querySelector&&d.addEventListener&&\"undefined\"!=typeof URL&&(d.wp=d.wp||{},d.wp.receiveEmbedMessage||(d.wp.receiveEmbedMessage=function(e){var t=e.data;if((t||t.secret||t.message||t.value)&&!\/[^a-zA-Z0-9]\/.test(t.secret)){for(var s,r,n,a=l.querySelectorAll('iframe[data-secret=\"'+t.secret+'\"]'),o=l.querySelectorAll('blockquote[data-secret=\"'+t.secret+'\"]'),c=new RegExp(\"^https?:$\",\"i\"),i=0;i<o.length;i++)o[i].style.display=\"none\";for(i=0;i<a.length;i++)s=a[i],e.source===s.contentWindow&&(s.removeAttribute(\"style\"),\"height\"===t.message?(1e3<(r=parseInt(t.value,10))?r=1e3:~~r<200&&(r=200),s.height=r):\"link\"===t.message&&(r=new URL(s.getAttribute(\"src\")),n=new URL(t.value),c.test(n.protocol))&&n.host===r.host&&l.activeElement===s&&(d.top.location.href=t.value))}},d.addEventListener(\"message\",d.wp.receiveEmbedMessage,!1),l.addEventListener(\"DOMContentLoaded\",function(){for(var e,t,s=l.querySelectorAll(\"iframe.wp-embedded-content\"),r=0;r<s.length;r++)(t=(e=s[r]).getAttribute(\"data-secret\"))||(t=Math.random().toString(36).substring(2,12),e.src+=\"#?secret=\"+t,e.setAttribute(\"data-secret\",t)),e.contentWindow.postMessage({message:\"ready\",secret:t},\"*\")},!1)))}(window,document);\n\/\/# sourceURL=https:\/\/www.anteprima24.it\/archivio\/wp-includes\/js\/wp-embed.min.js\n\/* ]]> *\/\n<\/script>\n","thumbnail_url":"https:\/\/www.anteprima24.it\/archivio\/wp-content\/uploads\/2021\/07\/accademia-furno.jpg","thumbnail_width":1440,"thumbnail_height":1080,"description":"Benevento &#8211;&nbsp;Tra un mese, dal 24 agosto al 5 settembre, si svolgeranno le Paralimpiadi di Tokyo2020. La delegazione italiana che vi prender\u00e0 parte sar\u00e0 la pi\u00f9 numerosa di sempre. Gli azzurri impegnati nella rassegna giapponese saranno infatti 113, con una maggioranza femminile per la prima volta: partiranno infatti 61 atlete e 52 atleti, suddivisi in [&hellip;]"}

Benevento &#8211;&nbsp;Tra un mese, dal 24 agosto al 5 settembre, si svolgeranno le Paralimpiadi di Tokyo2020. La delegazione italiana che vi prenderà parte sarà la più numerosa di sempre. Gli azzurri impegnati nella rassegna giapponese saranno infatti 113, con una maggioranza femminile per la prima volta: partiranno infatti 61 atlete e 52 atleti, suddivisi in [&hellip;]
